at is the greatest common divisor of m and 60?
15
Let j(l) = -3*l**2 + 4*l - 1. Let m be j(6). Let a = m - -35. Let d be (77/14)/11 - a/4. What is the highest common factor of d and 39?
13
Let c be (-660)/(-25) - (297/55)/(-9). What is the highest common factor of 5211 and c?
27
Suppose -6*r = -4*r - 94. Suppose -3*c + 2*q = 5*q + 201, -5*q = c + r. Let d be (4/(-16))/(2/c). What is the highest common divisor of 99 and d?
9
Suppose 20*t - 24 = 18*t. Suppose t*z - 8*z - 98 = 2*c, -3*z + 2*c + 74 = 0. Calculate the highest common factor of z and 8.
8
Suppose 0 = -100*p + 765 + 351 + 84. Calculate the greatest common divisor of 31188 and p.
12
Suppose 80*q + 98503 - 114103 = 0. Let z be ((-156)/(-8))/(2/4). What is the greatest common factor of z and q?
39
Let o(w) = -w**3 - 6*w**2 + 9*w - 2. Let y be o(-8). Let x be 4/8*-8 + 178. Let q = -39 + x. What is the greatest common divisor of y and q?
27
Let j = -22471 - -22657. What is the greatest common divisor of 6417 and j?
93
Let n be -2*(-63 - 2) + 10/2. Suppose -3*f - 40 = -4*y, -4*f = -5*y + 21 + 28. Suppose 0 = -y*h + 14*h - n. Calculate the greatest common factor of h and 54.
27
Let v be 1844/7 + (-5 - (-39)/7). Let x be (192/36)/(2/v). What is the highest common divisor of 64 and x?
64
Suppose -5*f = -f - 12. Let p = 98 + -98. Suppose -21 = -j + 2*i + 7, -5*j - 5*i + 110 = p. Calculate the greatest common divisor of f and j.
3
Let t(x) = x**2 - 95*x + 2157. Let b be t(35). What is the highest common factor of 11058 and b?
57
Let m = -10 + 46. Let k = -128 + 128. Suppose k = -o - 5*v + 13, 2 - 6 = 4*v. What is the greatest common divisor of o and m?
18
Suppose 2849 = -169*r + 176*r. Suppose -2*u + u = -r. Calculate the highest common factor of u and 74.
37
Suppose -100 = -151*g + 20285. Calculate the greatest common factor of g and 5490.
45
Let y be (-174)/(-10) + (-4779)/(-7965). Suppose -888 = -3*k - k. Calculate the highest common factor of k and y.
6
Let m(l) = -3*l**3 + 191*l**2 - 125*l - 3. Let u be m(63). Let n be (-92)/(-8) - (-2)/4. Calculate the greatest common factor of u and n.
12
Suppose 4*r + 513 = 7*r. Let o be 4 - (-45)/(-10) - r/(-6). What is the greatest common factor of 70 and o?
14
Suppose s + d - 3 = 0, s - 287 = -4*d - 299. What is the highest common divisor of 23 and s?
1
Let x be 1/(1/(-240))*8/16. Let y = 190 + x. Suppose -4*t = -2*i + 11 - 3, i = -2*t + 16. What is the highest common divisor of i and y?
10
Let s be ((-378)/(-45))/(1/80). Suppose 155 = 86*q - 533. Calculate the greatest common factor of q and s.
8
Let h be (50/35)/((-43)/(-3612)). What is the highest common divisor of 160 and h?
40
Suppose 2*d - 1351 = -q, 0*d + 5*d + 5*q - 3380 = 0. Suppose 590*v - 589*v + 101 = 4*x, -49 = -7*v. Calculate the greatest common factor of x and d.
27
Let i(b) = 33*b**2 - 3*b - 3. Let x be i(-2). Suppose -23*y + 21*y + 3*f = -84, 344 = 12*y - 2*f. What is the greatest common divisor of y and x?
27
Let i(c) = 50*c + 321. Let w be i(-6). Calculate the greatest common factor of w and 105.
21
Let p = 104 + -87. Let o be 0 + p - (14 - 9). Suppose -2*a = -6*a + 16. What is the greatest common factor of o and a?
4
Let b(y) = -363*y - 1029. Let s be b(-3). Calculate the highest common factor of 60 and s.
60
Let k(j) be the first derivative of -17*j**2 - 48*j + 80. Let t be k(-6). What is the highest common factor of t and 12?
12
Let f be (-180)/6*(-2)/(-2). Let d be ((-1564)/(-230))/(-3*4/f). Suppose 7*q = d*q - 440. What is the greatest common divisor of q and 11?
11
Let g = 4014 - 3934. Calculate the highest common divisor of 25 and g.
5
Suppose -h - 165 = 2*d, -3*h - 4*d - 556 + 63 = 0. Let s = 273 + h. Let q = -90 + s. Calculate the highest common factor of q and 160.
20
Let a = -96 - -152. Let w(i) = 208*i - 13672. Let o be w(66). What is the greatest common divisor of a and o?
56
Let s(f) = -f + 9. Let t be s(7). Suppose 12 = 5*u + 2, 4*u = 2*m - 22. Let d be (-4)/(5/(m/(-3))). What is the highest common factor of t and d?
2
Let p = -4896 + 4926. What is the greatest common divisor of 135 and p?
15
Let f be (-1)/((20 + -37)/731). Calculate the highest common factor of 2666 and f.
43
Let x(y) = 9*y - 24. Let g be x(3). Let v be 45 + 1 + (2 - g)/1. Calculate the highest common divisor of v and 105.
15
Suppose -5*d = 2*h - 20, -6*h + 20 = -11*h + 5*d. Suppose 5*m = -i + 760, -5*m = -h*m + 4*i - 745. Calculate the highest common factor of m and 17.
17
Suppose -2353 - 247 = -17*h - 33*h. What is the highest common factor of h and 15236?
52
Let y = 2222 - -2376. What is the greatest common divisor of 38 and y?
38
Let s(p) = -p**3 + 8*p**2 - 3*p. Let r be s(5). Suppose 5*j + 2*u = 192, 2*j + 2*j - 176 = 4*u. Calculate the highest common factor of r and j.
20
Let f = -7 - -8. Let y be -12*(f - 66/8). Let n = -3340 - -3398. Calculate the greatest common divisor of n and y.
29
Let y = 94 - 115. Let d be 3 + (-46)/14 + (-1455)/y. Calculate the highest common divisor of 552 and d.
69
Suppose -48*g + 45368 = 59*g. Calculate the highest common factor of 64 and g.
8
Suppose -6*t - 1 = -25. Suppose t*c - 81 = -13. What is the greatest common divisor of 17 and c?
17
Let z = -127 + 111. Let f be (z/(-2))/(11 - (-240)/(-22)). Calculate the highest common factor of 66 and f.
22
Let n be (4/3)/((-2)/(-51)). Suppose -d + 1 = -4*y + 3, -4*d + 62 = -2*y. Let i be (174/d - 9)*(0 + 561). What is the highest common divisor of i and n?
34
Suppose -23*d + 11777 = -7474. What is the highest common factor of d and 297?
27
Suppose -3*v + 4048 = 3*i + 1261, -9*v - 1836 = -2*i. What is the greatest common factor of i and 1648?
103
Let p(l) = -116*l + 6 + 7 + 27*l - 6. Let y be p(2). Let i be (-65)/(-9) + 38/y. What is the highest common divisor of i and 49?
7
Let w = 296 - 270. Suppose -w*k - 6 = -28*k. Calculate the greatest common factor of k and 27.
3
Let o(m) = -2*m**2 - 36*m + 20. Let c = -106 + 89. Let k = c - -1. Let w be o(k). Calculate the highest common divisor of 36 and w.
12
Let v be (-4)/(-2 + (-2)/(-2)). Suppose 7*f = v*f + 27. Suppose 3*t + 3*b - 62 - 55 = 0, 102 = 2*t - 2*b. Calculate the highest common divisor of t and f.
9
Let h(a) = -3*a - 10. Let f be h(-2). Let o(i) = -17*i + 30. Let z be o(f). Calculate the highest common divisor of z and 147.
49
Suppose -22*i - 25 = -421. Suppose 13*a = i*a - 1080. Calculate the greatest common factor of a and 54.
54
Let n = 525 + -315. Suppose 3*h = -4*p + 7*p + n, -5*p = -3*h + 212. What is the greatest common factor of h and 253?
23
Let p = -1981 + 3026. Let z be 3*8 - 27342/(-882). What is the greatest common divisor of z and p?
55
Let y be 3 + -1 + (-3)/((-15)/10). Let g(n) = n**3 - n**2 - 7*n + 7. Let l be g(y). Calculate the highest common factor of 459 and l.
27
Let s(i) = -68*i - 4. Let r be s(-5). Suppose -r = -5*n - n. Let c = n - 45. What is the highest common factor of c and 44?
11
Let h = -333 - -347. Calculate the highest common divisor of 1498 and h.
14
Let f(w) be the third derivative of w**5/60 - 3*w**4/4 + 65*w**3/6 + 82*w**2. Let r be f(19). What is the greatest common factor of r and 7?
7
Suppose -2681 = 9*j - 392 - 12495. What is the greatest common divisor of j and 72?
18
Let q be (51/102)/(241/240 - 1). Let d be (1089/165)/(3/q). What is the greatest common factor of d and 48?
24
Let x(c) = 3*c**3 - 2*c**2 + 3*c - 3. Let u(g) = -2*g**3 - g**2 - 1. Let p(i) = -2*u(i) - x(i). Let t be p(4). What is the highest common divisor of t and 33?
11
Let n(o) = o**2 + 7*o + 7. Let d(k) = -2*k**2 + 45*k + 23. Let j be d(23). Let h be n(j). What is the highest common divisor of 77 and h?
7
Let l = 9937 + -9778. What is the highest common factor of l and 901?
53
Let m(a) = -a**3 + 2*a**2 + 3*a - 2. Let g be m(2). Suppose g*p - p + 15 = f, 5*p = 0. Let o = 1328 + -1323. Calculate the greatest common divisor of f and o.
5
Let x(i) = -13 + 51 - 28 + 3*i. Let p(u) = u + 1. Let o(z) = -5*p(z) + x(z). Let f be o(-2). What is the greatest common divisor of 81 and f?
9
Let d be (-1)/(-10 - -9) - -21. Let k(o) = o**3 + o**2 - 131. Let f be k(0). Let g = f + 186. Calculate the highest common factor of g and d.
11
Let x(b) = -b**3 - 7*b**2 - 5*b - 2. Suppose 37 = -d + 11. Let r = d + 19. Let o be x(r). What is the greatest common factor of o and 3?